0
In base 5, what is 344024113 + -1?
344024112
In base 2, what is -10 - -100000000011111101?
100000000011111011
In base 14, what is 19a42 - -11?
19a53
In base 8, what is -11 + -26361537?
-26361550
In base 12, what is -4ab90 + 131?
-4aa5b
In base 7, what is -406422 + 3522?
-402600
In base 11, what is 3 + -4591700?
-45916a8
In base 4, what is 200221 + -10301121?
-10100300
In base 16, what is -2 + 860a8?
860a6
In base 4, what is 221302322031 - -3?
221302322100
In base 15, what is -17 + 259c70?
259c58
In base 6, what is 452 - 11025134?
-11024242
In base 16, what is 3cc + 6c7f4?
6cbc0
In base 4, what is -2231100 - 3233323?
-12131023
In base 15, what is -10 - 16a65b?
-16a66b
In base 12, what is -7 - -10504149?
10504142
In base 9, what is 438587 + 7?
438605
In base 15, what is 1ce - 355?
-176
In base 10, what is 16 + 337312?
337328
In base 12, what is 1773 + 77b72?
79725
In base 8, what is -241 - -3062324?
3062063
In base 8, what is 5 + 41173402?
41173407
In base 8, what is 645 + -71474?
-70627
In base 2, what is 100 + 1010110010111001001100011011?
1010110010111001001100011111
In base 7, what is -663565310 - -40?
-663565240
In base 16, what is 16 + c08e6a?
c08e80
In base 7, what is -12 - -650326?
650314
In base 5, what is 221223 - 13112?
203111
In base 6, what is -505444021 - 40?
-505444101
In base 10, what is -3383 - 649?
-4032
In base 11, what is 1 - 498a487?
-498a486
In base 3, what is -11 + 20121122201120222?
20121122201120211
In base 11, what is -1923 - 14335?
-16158
In base 6, what is 41552 - -122253?
204245
In base 3, what is 10 - 102101112121201?
-102101112121121
In base 5, what is 411220333311 - 10?
411220333301
In base 2, what is -10001000000 - 11010110111?
-101011110111
In base 12, what is 552 - 6a93a?
-6a3a8
In base 3, what is -21011001201220211 + -11?
-21011001201220222
In base 11, what is 4402a765 - -4?
4402a769
In base 12, what is -6b2 - -229389?
228897
In base 10, what is 66036 + -16?
66020
In base 14, what is 5112a374 - 1?
5112a373
In base 14, what is -961d720 + 2?
-961d71c
In base 16, what is 0 + 44b392?
44b392
In base 11, what is 296 + -10634?
-10349
In base 2, what is -101000111011110101001100 - 10101?
-101000111011110101100001
In base 16, what is -b3ec781 + 5?
-b3ec77c
In base 2, what is 1110101011110010011 - 100011100110?
1110100111010101101
In base 9, what is 21132013 + -12?
21132001
In base 4, what is 1111321 + -232110?
213211
In base 3, what is -1022110222002 - 100?
-1022110222102
In base 9, what is 517020 - 26?
516883
In base 15, what is 3507 - -20?
3527
In base 3, what is 1011100220 - -102022012?
1120200002
In base 13, what is -3 + 12470175?
12470172
In base 3, what is 1101110 - 11201220222?
-11200112112
In base 15, what is 249668 - 16d?
2494ea
In base 9, what is -20720 + -544?
-21364
In base 3, what is 1101200201022 - 202?
1101200200120
In base 9, what is -45778 + 16838?
-27840
In base 10, what is 12709515 - 5?
12709510
In base 8, what is 2034316 - -7?
2034325
In base 15, what is -1093627 + 4c?
-10935ca
In base 5, what is -120000444 - -21?
-120000423
In base 16, what is 25cdca88 + -1?
25cdca87
In base 4, what is 10 + -23101212211021?
-23101212211011
In base 13, what is 15 - 4443c3?
-4443ab
In base 6, what is -4 + 11251212042?
11251212034
In base 4, what is 2311012111 + 1133?
2311013310
In base 11, what is -22 + 5741a02?
5741990
In base 7, what is 0 + -1104412164?
-1104412164
In base 14, what is 1758b0736 - 3?
1758b0733
In base 10, what is 25939832 - -4?
25939836
In base 12, what is -b427 - -369?
-b07a
In base 12, what is -1402 - bbb1?
-113b3
In base 14, what is 3 + -22245c?
-222459
In base 11, what is -3 - 223739?
-223741
In base 9, what is 3 - -2700125?
2700128
In base 15, what is 1959 + 3b9c9?
3d433
In base 5, what is 12313 - -133121141?
133134004
In base 3, what is -2010221 - -21111211110?
21102200112
In base 16, what is -14 - 21ebda?
-21ebee
In base 6, what is -132333 + 4505?
-123424
In base 3, what is 1011211210 - 12121?
1011122012
In base 2, what is 1000 + -110100011000111101100?
-110100011000111100100
In base 11, what is -3 - -150304073?
150304070
In base 4, what is 3230210321 + -1301?
3230203020
In base 4, what is -12 - 30023021203?
-30023021221
In base 13, what is 575cb06 - -3?
575cb09
In base 14, what is -10b003 - -1?
-10b002
In base 10, what is 100254 - 411?
99843
In base 5, what is -234224 + 4002104?
3212330
In base 8, what is 124 + 20474721?
20475045
In base 10, what is -1314 - -4701?
3387
In base 16, what is -75eec + 2f9?
-75bf3
In base 8, what is 212716 + -2440?
210256
In base 15, what is 26 + a285a?
a2881
In base 10, what is -275678 + 342?
-275336
In base 2, what is 1 - 1101001111011100010000011?
-1101001111011100010000010
In base 3, what is 122 - 1211002022?
-1211001200
In base 3, what is -1112012212 - -1120?
-1112011022
In base 3, what is 200111022221100121 + -11?
200111022221100110
In base 13, what is 7065408 + 16?
7065421
In base 5, what is 1233 + 1134132001?
1134133234
In base 3, what is -1111020122220011 - 111?
-1111020122220122
In base 2, what is -11110100110100110 - 1000101?
-11110100111101011
In base 16, what is -1790c - 66?
-17972
In base 13, what is -810 + 6470?
5960
In base 16, what is -152212 + 4?
-15220e
In base 7, what is 5034 - -1006242?
1014306
In base 4, what is 321323 - 113012?
202311
In base 9, what is 5 - 40325385?
-40325380
In base 2, what is -100110110010111110111000001 - 10?
-100110110010111110111000011
In base 6, what is -3223112 + -5545?
-3233101
In base 2, what is -10 + 11001001110011011110110?
11001001110011011110100
In base 6, what is 2525522111 + -1?
2525522110
In base 9, what is 71164202 + 12?
71164214
In base 2, what is -10100000010 - -11010011111101?
10111111111011
In base 5, what is -3 + -334033103030?
-334033103033
In base 15, what is -a48 - -c33?
1da
In base 7, what is 130 + -303521165?
-303521035
In base 4, what is -2 - 1022220030121?
-1022220030123
In base 4, what is 311 + 301331020221?
301331021132
In base 2, what is 10110110110100011 - -1001011001?
10110111111111100
In base 7, what is 1536453 + -161?
1536262
In base 16, what is a - -7a83?
7a8d
In base 5, what is 420001 - -2220141?
3140142
In base 6, what is 103033 - 24244?
34345
In base 13, what is 15a2 - 5b3?
cbc
In base 9, what is 7070 + -15232?
-7152
In base 15, what is 1ade6 + 5a7?
1b49d
In base 6, what is 20 - 4105352?
-4105332
In base 2, what is -100101010011010111010101010 + -1010?
-100101010011010111010110100
In base 9, what is 3270 - -33368?
36648
In base 7, what is 561 + 463510?
464401
In base 4, what is 10320321002 - -203?
10320321211
In base 14, what is 490 - -98cb?
9d7b
In base 13, what is 1c446c + 3?
1c4472
In base 8, what is 336664 - -105?
336771
In base 2, what is -10 - 1110111001111000001010?
-1110111001111000001100
In base 4, what is -133300112110 - -2?
-133300112102
In base 8, what is -341431 - -35?
-341374
In base 10, what is 2214632 - -82?
2214714
In base 4, what is 10 - 3023122220022?
-3023122220012
In base 13, what is 9cc6 - 16b?
9b58
In base 9, what is 1 + -17765225?
-17765224
In base 4, what is 11323213 - 1120020?
10203133
In base 9, what is -5 - -35113637?
35113632
In base 5, what is 1144 - -12200334?
12202033
In base 3, what is -2 + -1202000112220212?
-1202000112220221
In base 4, what is -2 + -1213231021?
-1213231023
In base 15, what is 10ac4d8 - 3?
10ac4d5
In base 16, what is -53e42 + 2b?
-53e17
In base 6, what is 52115141504 + -1?
52115141503
In base 7, what is 55305 + 63?
55401
In base 2, what is -11010001001001001 - 1000001101101?
-11011001010110110
In base 10, what is -1 + -94105727?
-94105728
In base 15, what is -8596 - -14202?
ab5b
In base 10, what is -13199287 + 1?
-13199286
In base 11, what is 21 - 993a84?
-993a63
In base 2, what is 111001101100010100011000 - 1?
111001101100010100010111
In base 10, what is 159736300 - 6?
159736294
In base 14, what is -3a56d7ad + 4?
-3a56d7a9
In base 12, what is 6b49487 - 5?
6b49482
In base 9, what is 1783 - -235217?
237111
In base 15, what is 135c5 + -6bb?
12e09
In base 5, what is 4 + 14340003404?
14340003413
In base 12, what is -b + 397b7?
397a8
In base 4, what is -1120011133110 + -2?
-1120011133112
In base 3, what is 1 - -120020101112011?
120020101112012
In base 3, what is -12112221011012 - -112?
-12112221010200
In base 3, what is -1002201111